the hundred thousands digit of 3990795318?
7
What is the tens digit of 408885865?
6
What is the millions digit of 324674925?
4
What is the hundreds digit of 4988646666?
6
What is the hundreds digit of 437837683?
6
What is the billions digit of 2485507540?
2
What is the ten millions digit of 90666416?
9
What is the ten millions digit of 40777562?
4
What is the hundreds digit of 36908196?
1
What is the ten thousands digit of 3399393329?
9
What is the hundreds digit of 27480909?
9
What is the hundred thousands digit of 1298699336?
6
What is the hundred thousands digit of 127506704?
5
What is the hundreds digit of 2602860283?
2
What is the hundred thousands digit of 41006000?
0
What is the ten millions digit of 31950930?
3
What is the tens digit of 700093425?
2
What is the hundred thousands digit of 1576270108?
2
What is the hundreds digit of 98579405?
4
What is the units digit of 158869626?
6
What is the thousands digit of 201790120?
0
What is the tens digit of 653014572?
7
What is the ten millions digit of 81393765?
8
What is the millions digit of 37492343?
7
What is the hundreds digit of 9589952?
9
What is the tens digit of 22886255?
5
What is the millions digit of 489403948?
9
What is the hundred millions digit of 2457195958?
4
What is the units digit of 8583801?
1
What is the millions digit of 1248842298?
8
What is the hundreds digit of 191390423?
4
What is the tens digit of 21804424?
2
What is the ten thousands digit of 48020975?
2
What is the ten millions digit of 68414143?
6
What is the thousands digit of 42897032?
7
What is the tens digit of 2109093196?
9
What is the hundred millions digit of 1262483997?
2
What is the billions digit of 4359973154?
4
What is the millions digit of 1839690869?
9
What is the ten thousands digit of 1913272305?
7
What is the hundred thousands digit of 1238022597?
0
What is the units digit of 69622569?
9
What is the hundred thousands digit of 13527135?
5
What is the units digit of 68319786?
6
What is the thousands digit of 2043091748?
1
What is the billions digit of 1630126714?
1
What is the tens digit of 1019326198?
9
What is the billions digit of 4060543014?
4
What is the hundreds digit of 24014371?
3
What is the units digit of 37204814?
4
What is the hundred millions digit of 225471363?
2
What is the units digit of 291320863?
3
What is the millions digit of 216792627?
6
What is the hundred thousands digit of 4814426483?
4
What is the hundred millions digit of 133819140?
1
What is the ten millions digit of 465383541?
6
What is the billions digit of 2516449825?
2
What is the tens digit of 8001443?
4
What is the units digit of 5653497370?
0
What is the ten millions digit of 1606069720?
0
What is the units digit of 172234984?
4
What is the thousands digit of 165165618?
5
What is the thousands digit of 101882952?
2
What is the millions digit of 844072683?
4
What is the thousands digit of 1105645941?
5
What is the tens digit of 2465963883?
8
What is the millions digit of 315597385?
5
What is the ten thousands digit of 1567118687?
1
What is the tens digit of 601494279?
7
What is the millions digit of 317094759?
7
What is the ten millions digit of 35555893?
3
What is the ten thousands digit of 2000555567?
5
What is the units digit of 61984964?
4
What is the hundreds digit of 14031017?
0
What is the ten millions digit of 33036923?
3
What is the millions digit of 31307881?
1
What is the hundred millions digit of 158767090?
1
What is the millions digit of 374567807?
4
What is the hundred thousands digit of 32941724?
9
What is the hundred thousands digit of 5013109750?
1
What is the hundred thousands digit of 1627048793?
0
What is the tens digit of 36741013?
1
What is the units digit of 24714018?
8
What is the units digit of 7782046710?
0
What is the tens digit of 640491352?
5
What is the hundreds digit of 2017376482?
4
What is the hundreds digit of 7887263799?
7
What is the hundred thousands digit of 478056734?
0
What is the ten millions digit of 70365810?
7
What is the ten millions digit of 213945352?
1
What is the hundred thousands digit of 758505936?
5
What is the units digit of 16921730?
0
What is the ten thousands digit of 17992485?
9
What is the hundred thousands digit of 1303188750?
1
What is the millions digit of 67725383?
7
What is the ten millions digit of 90509557?
9
What is the hundred millions digit of 2134496196?
1
What is the thousands digit of 136853199?
3
What is the ten thousands digit of 6203657058?
5
What is the hundred thousands digit of 5048950264?
9
What is the millions digit of 1403386383?
3
What is the units digit of 28534742?
2
What is the millions digit of 1657752?
1
What is the thousands digit of 39114168?
4
What is the hundreds digit of 25743097?
0
What is the millions digit of 2914693538?
4
What is the hundred thousands digit of 752710629?
7
What is the ten thousands digit of 523423822?
2
What is the hundred thousands digit of 96720036?
7
What is the hundred thousands digit of 122217971?
2
What is the ten millions digit of 101449558?
0
What is the millions digit of 2080327324?
0
What is the tens digit of 30678110?
1
What is the units digit of 31623573?
3
What is the tens digit of 1280584315?
1
What is the ten millions digit of 38397743?
3
What is the thousands digit of 20090383?
0
What is the thousands digit of 7394970731?
0
What is the hundred thousands digit of 380741296?
7
What is the hundred thousands digit of 31093054?
0
What is the tens digit of 278192998?
9
What is the ten thousands digit of 119464488?
6
What is the ten thousands digit of 179016521?
1
What is the millions digit of 136278987?
6
What is the hundreds digit of 63245291?
2
What is the ten thousands digit of 1236134734?
3
What is the hundreds digit of 3604749122?
1
What is the tens digit of 18025494?
9
What is the hundred millions digit of 888649540?
8
What is the hundred thousands digit of 77115332?
1
What is the hundred millions digit of 2124276807?
1
What is the ten thousands digit of 47701152?
0
What is the hundred thousands digit of 65138480?
1
What is the millions digit of 2033708383?
3
What is the ten thousands digit of 113288496?
8
What is the units digit of 75073496?
6
What is the hundred thousands digit of 366129495?
1
What is the millions digit of 389666994?
9
What is the hundred thousands digit of 909025638?
0
What is the millions digit of 2394534?
2
What is the thousands digit of 424463450?
3
What is the units digit of 223137559?
9
What is the ten millions digit of 379113347?
7
What is the thousands digit of 25893789?
3
What is the tens digit of 5524031?
3
What is the ten millions digit of 946854966?
4
What is the billions digit of 3230229625?
3
What is the thousands digit of 487821111?
1
What is the tens digit of 6450434928?
2
What is the hundred millions digit of 172317933?
1
What is the units digit of 71343152?
2
What is the tens digit of 28805487?
8
What is the thousands digit of 5660352367?
2
What is the hundreds digit of 1205519367?
3
What is the hundred thousands digit of 3348755434?
7
What is the ten millions digit of 793553974?
9
What is the millions digit of 66188734?
6
What is the thousands digit of 45303694?
3
What is the hundred thousands digit of 4457869057?
8
What is the thousands digit of 906037954?
7
What is the millions digit of 38355011?
8
What is the millions digit of 2604619219?
4
What is the millions digit of 58328074?
8
What is the thousands digit of 155093919?
3
What is the units digit of 131994142?
2
What is the ten thousands digit of 302240498?
4
What is the ten thousands digit of 13720395?
2
What is the hundred thousands digit of 17379161?
3
What is the units digit of 38168618?
8
What is the units digit of 312257437?
7
What is the tens digit of 3933139187?
8
What is the millions digit of 9562922?
9
What is the millions digit of 729378701?
9
What is the hundred thousands digit of 39982675?
9
What is the millions digit of 24573495?
4
What is the thousands digit of 33134154?
4
What is the ten thousands digit of 670153971?
5
What is the hundred thousands digit of 1527465630?
4
What is the thousands digit of 102267242?
7
What is the units digit of 2738584507?
7
What is the hundred thousands digit of 1452367252?
3
What is the hundred millions digit of 6550111847?
5
What is the thousan